w, 5*u + 4*w = 13947. What is the tens digit of u?
8
Let s(l) = -2*l**2 + 2*l + 2. Let g be s(2). Let y be (g/(-6))/(8/5424). Suppose -3*h + 0*h = -5*k - 667, h - y = -2*k. What is the units digit of h?
4
Let t = 485 + -570. What is the tens digit of -3 - t/1 - 0?
8
Let j(i) = 30*i**2 + 122*i + 2561. What is the tens digit of j(-20)?
2
Suppose -31*i + 28034 = -33594. What is the hundreds digit of i?
9
Suppose -27 = -4*z - 5*z. Suppose 0*x - 2*x = -3*b, -11 = -z*x - b. Suppose -221 = -x*r + 145. What is the hundreds digit of r?
1
Let z(q) = 1647*q**2 - 12*q + 24. What is the hundreds digit of z(3)?
8
Let w(o) = o**3 + 17*o**2 + 17*o + 18. Let p be w(-16). Suppose -2*h - p*h - 174 = -b, 3*b - 574 = -h. What is the tens digit of b?
9
What is the ten thousands digit of (-58)/(-6)*(-7 - -2200)?
2
Let v(k) = -k**3 - 6*k**2 - 11*k + 6. Let r be v(-7). Let y = 540 - r. What is the hundreds digit of y?
4
Let a = -11645 - -13108. What is the units digit of a?
3
Suppose -5*c = -271 + 831. Let k = -114 - c. What is the hundreds digit of 1/k*328/(-1)?
1
Let m(u) = 789*u**2 - 69*u + 2. What is the thousands digit of m(6)?
7
Let f(z) = 384*z - 3177. What is the tens digit of f(66)?
6
Let m = -216 + 230. What is the units digit of 13/(m/(-21) - -1)?
9
Let d be (17 - -207) + 10/(-2). Let b = d + 448. What is the units digit of b?
7
Let u(d) = -d**3 - 4*d**2 - d + 2. Let q be u(-4). Let w(b) = -2 + 0 + 4 + 2*b**2 + 17*b. What is the tens digit of w(q)?
7
Let p be -6 + 5 + -3 - -7. What is the tens digit of p + -1 + 1677/3?
6
Let y(r) = -r**3 + r**2 - 2*r + 766. Let g be y(0). Suppose -2*p - 4*x + g = 0, -4*p + 5*x - 377 = -5*p. What is the units digit of p?
7
Let h = 27266 - -1653. What is the ten thousands digit of h?
2
Let m(o) = -6*o**3 + 43*o**2 - 3*o - 19. What is the tens digit of m(-9)?
6
Suppose -2*t - 804 = 2*t. Let v = 353 + t. What is the tens digit of v?
5
Let m(z) = -z**3 + 17*z**2 + 39*z - 14. Let d be m(19). Suppose -14 = -d*l - 24. What is the units digit of 134/11 + l/11?
2
Suppose -46*z + 97428 = -24702. What is the hundreds digit of z?
6
Suppose -a = -2*i - 2, -4*i + 5 = -4*a + 13. Suppose a*m = 1233 - 143. What is the tens digit of m?
4
Suppose 4*l - 4245 + 11393 = 5*u, 4290 = 3*u - 2*l. What is the tens digit of u?
3
Let i = -50 - -52. Suppose i*h + 2 - 38 = 0. Let g(c) = -c**3 + 18*c**2 + 8*c + 15. What is the hundreds digit of g(h)?
1
Suppose 1 - 2 = -4*z + p, 5*z + 4*p = 17. Let s(x) = 15*x. Let u be s(z). What is the units digit of ((-680)/(-6))/5 - (-5)/u?
3
Let n = 40474 - 19068. What is the ten thousands digit of n?
2
What is the ten thousands digit of (1766/(68/(-16) + 4) + 6)*-11?
7
Suppose -259666 = -12*k - 25*k. What is the units digit of k?
8
Let o(i) = -21*i**2 + 8*i**2 + 6*i**2 - i - 13 + 8*i**2. Let x be o(0). Let f = -5 - x. What is the units digit of f?
8
Let z = -8501 - -12097. What is the units digit of z?
6
Let v = 8354 + -1922. What is the units digit of v?
2
Let z = 298 - 140. Let q = z - -37. What is the units digit of q?
5
Let k be (3177 + -1)*(10/(-5) + 6). What is the hundreds digit of (k/9)/2 + 4/18?
7
Suppose 1575125 = 124*c - 3083927. What is the thousands digit of c?
7
Let z be (3 + 0)*2453/33. Suppose 257 = 6*v - z. What is the units digit of v?
0
Let r = 2 - 5. Let n be 266/r - (-12)/(-9). What is the tens digit of (0/(-2))/2 - n?
9
What is the thousands digit of (17 + 4 - 55)/((8/(-1290))/2)?
0
Suppose -62*i + 30*i + 1792 = 0. What is the tens digit of 2794/154*(i/4)/2?
2
Suppose 147*i - 358*i + 693123 + 577519 = 0. What is the hundreds digit of i?
0
Let n = -64 + 196. Suppose 0 = -g - n - 44. Let m = 338 + g. What is the tens digit of m?
6
Suppose 517 = -5*d + 1672. Let s be (12/(-3) - -2) + d + 3. Suppose -3*p - 4*q = -s, p - 70 = -0*p - 5*q. What is the tens digit of p?
8
Suppose -3*r = -2*r - 4, 72 = 2*s + 5*r. Suppose 4*u = 3*f - s, -25 = 5*u - 0*u. What is the hundreds digit of 6/f - (7 - 195)?
1
What is the tens digit of 99/3234*49 + 153169*2/4?
8
Let j(t) = 8*t - 72. Let d be j(10). Suppose 5*z - 2684 = d*s - 12*s, 2*s = -z + 1342. What is the hundreds digit of s?
6
Let k(q) = -q**3 - 2*q**2 - 3*q + 6. Suppose 22 - 7 = v - 5*z, -13 = 5*v - 3*z. Let j be k(v). What is the tens digit of ((-108)/(-45))/(-2 - j/(-45))?
1
Suppose -96 = 17*i - 25*i. What is the tens digit of 78/3*(-51)/i*-2?
2
Suppose d - 175*y = -173*y + 2361, -4*d = -4*y - 9444. What is the thousands digit of d?
2
Let l(w) = 9*w**3 - w**2 - 17*w + 31. Suppose 26*q = 38*q - 36. What is the hundreds digit of l(q)?
2
Let l(y) = -7*y + 33. Let b be l(5). Let d be (-5)/(-5) + ((-4)/b)/1. Suppose -d*r = -r - 96. What is the units digit of r?
8
Let g(d) = 2*d**2 + d - 62. Let l be (-195)/30*(2 + 0). What is the tens digit of g(l)?
6
Let a(h) = h**3 - 6*h**2 + 3*h + 18. Let m be a(8). Suppose -5*q - m = -4*k + 178, q + 70 = k. What is the units digit of (q/(-1))/4 + 3?
0
Suppose -831173 - 134028 = -64*f + 53103. What is the hundreds digit of f?
9
What is the thousands digit of 2 + (-161508)/(-14) + 4/(-14)?
1
Let r(y) = 61*y - 256. What is the hundreds digit of r(109)?
3
Let y = -23 + 119. Let g = 642 - 458. Let v = g - y. What is the tens digit of v?
8
Suppose -1098*x + 1156*x - 1161508 = 0. What is the units digit of x?
6
Suppose 0 = -3*v - 3*w + 93, -5*w + 99 = v + 2*v. What is the hundreds digit of 16/56 + 26732/v?
9
Let r(j) = -18*j + 2. Let b be (-16)/(-4) + -1 + 0. Suppose p + 2*w - 1 = w, b*p + 1 = -w. What is the tens digit of r(p)?
2
Suppose -102 = -4*w + 5*t, -27 = -5*w + 2*t + 92. Suppose -25 = -5*c + 2*c - z, -c - 4*z = -w. Let b(n) = n**2 - 7*n + 24. What is the tens digit of b(c)?
2
Suppose 263 = 4*o - 5*y - 122, -4*y + 340 = 4*o. Suppose -91*l + 24 = -o*l. What is the tens digit of l?
2
Let s = -513 - -433. Let y = s + 1458. What is the hundreds digit of y?
3
Let p(q) = -2*q - 2. Let k be -4 + 15/(-5) + 6. Let i be p(k). Suppose 4*d + 6*d - 1840 = i. What is the tens digit of d?
8
Suppose 2*q + 2*m - 2255 - 9217 = 0, -2*q + 2*m + 11464 = 0. What is the tens digit of q?
3
Let y(b) = b**2 + b + 13. Let r be y(-9). Suppose -10*v = -135 - r. Suppose -4*m + v = -558. What is the tens digit of m?
4
Let t(b) = 9 + 2182*b + 46*b**2 - 2146*b + 11*b**2. What is the tens digit of t(-5)?
5
Let x = -163 - -230. Suppose f + x - 249 = 0. What is the units digit of f?
2
Let k be (-3)/12 - 3*(-3951)/(-108). Suppose 0 = -6*b + b - 3*h - 832, -2*b - 340 = 3*h. Let c = k - b. What is the units digit of c?
4
Suppose -46 = -l - 45. Let j be (-8)/((-72)/351) + (-2)/l. Let w = 110 - j. What is the units digit of w?
3
Let x = -71 + 70. Let z be (-2 - x)/((-5)/170). Let o = 49 + z. What is the tens digit of o?
8
Let b(g) = -6*g - 153. Let k(q) = -q**2 - 5*q + 13. Let z be k(5). What is the units digit of b(z)?
9
Let d(v) = -v**2 - 10*v + 3. Suppose 26*n + 111 = -71. What is the tens digit of d(n)?
2
Let r = -1058 - 36. Let p = r + 1601. What is the hundreds digit of p?
5
Let o = -215 - -224. Suppose q + 4*m = 2*m + 372, 3*m - o = 0. What is the units digit of q?
6
Let n = -123 + 123. Suppose n*w + 2240 = 4*w. What is the tens digit of w?
6
Suppose -16*r - 75 + 395 = 0. Suppose 2*d - 2862 = -5*q, r*q - 1734 = 17*q + 3*d. What is the tens digit of q?
7
Suppose 0 = 41*x - 61396 - 920759. What is the tens digit of x?
5
Let f = 177 + -126. Suppose 0*a + f = a + 4*g, 5*a - 4*g - 231 = 0. Suppose 53*i = a*i + 1020. What is the tens digit of i?
7
Let w(c) = c**3 - 11*c**2 + 24*c - 3. Let m be w(10). Suppose m = -s - 5*p, p + 4*p + 421 = -3*s. Let u = s - -203. What is the tens digit of u?
6
Let c = 816 - -227. Suppose 2285 = 4*p - c. What is the units digit of p?
2
Let b = -26134 - -76654. What is the ten thousands digit of b?
5
Let h(n) = -2*n**2 + 21*n - 8. Let f be h(10). Suppose z + 4*p + 773 = 2436, -f*p - 4961 = -3*z. What is the hundreds digit of z?
6
Suppose -2 - 102 = -13*a. Let n be 329 - ((-121)/(-44) + 2/a). Let x = n - 195. What is the tens digit of x?
3
Let b = 16264 + 4121. What is the thousands digit of b?
0
Let y be (-100)/15*96/(-5). Suppose -3*m - 8*m = -22. Suppose m*h + y = 6*h. What is the tens digit of h?
3
Suppose -8*a + 884 = -7*a. Suppose 0 = 8*j - a + 36. What is the hundreds digit of j?
1
What is the ten thousands digit of (5300/(